 136 = n. What is the tens digit of p?
3
What is the tens digit of 6/(-10) + (-672)/(-20)?
3
Let k be -2*(-258)/8*(-12)/(-18). Suppose 0 = 3*s - 0*s + 4*b - 175, 0 = -2*s - 4*b + 114. Let i = s - k. What is the units digit of i?
8
Let i = 15 - 13. Suppose s - 129 = -i*s. What is the units digit of s?
3
Let g be ((-60)/7)/(6/(-63)). Suppose -4*a = 2*n - g, -4*n + 2*a = -2*a - 132. What is the tens digit of n?
3
Suppose n - 1 = 2. Let z be n*(2 + 1/(-3)). Suppose -5*k - b = -27, z*b + 5 + 16 = k. What is the units digit of k?
6
Let h(z) = z**2 + 8*z + 1. Let w = -22 - -13. What is the units digit of h(w)?
0
Let k be 5*(0 + (-1)/(-1)). Suppose 0 = -0*i - k*i + 20. What is the units digit of i?
4
Let x be (-12)/(9/(-24) - 0). Let q be x/12 - 4/6. Suppose -5*g - 3*o = -52, -4*o - 48 = -2*g - q*g. What is the units digit of g?
1
Suppose 0 = g + 3*v - 78, 5*g + v = -4*v + 370. Suppose -23 = -2*x + c + 14, -3*x - 4*c = -g. What is the units digit of x?
0
Let k(q) = 4*q - 4. Suppose 2*g = 5*g - 12. What is the units digit of k(g)?
2
Let v = -4 - -9. Let f = v + -4. What is the units digit of f?
1
Let w(k) = k**3 - 5*k**2 - 16*k - 11. What is the units digit of w(8)?
3
Let f(d) = 9*d**3 + 3*d - 1. Let u be f(2). Let y = -49 + u. What is the tens digit of y?
2
Let n = 77 - 43. Suppose 5*z - z + n = 2*l, -z + 19 = 2*l. What is the tens digit of l?
1
Let j(d) = d**3 + 2*d**2 - d. Let s(l) = -l**2 + 3*l - 1. Let c be s(1). Let v be j(c). What is the units digit of 1*v/(4 - 2)?
1
Suppose -2*r = y - 68, -3*r = -5*r + 8. What is the units digit of ((-1)/(-3))/(5/y)?
4
What is the hundreds digit of 20/25 - 1 - (-1356)/5?
2
Suppose 6 = -4*i + 6*i. What is the units digit of i?
3
Let o(w) = w**2 - 7*w + 9. Let y be 88/14 + (-10)/35. Let r be o(y). What is the units digit of 1/(-1) + r - -5?
7
Let n = 10 + -9. Suppose 51 + n = 2*o. Let y = o - 5. What is the tens digit of y?
2
What is the units digit of (1 - 4)*158/(-6)?
9
Suppose 3*g - u + 12 = -24, 5*g - u = -60. Let h = g + 17. Suppose h*q - 21 = 2*q. What is the units digit of q?
7
Let j(l) be the first derivative of l - 1/2*l**2 + 3. What is the units digit of j(-6)?
7
Suppose 34 + 18 = 4*o. What is the tens digit of o?
1
Let t(m) = m**3 + 8*m**2 - 12*m + 5. What is the tens digit of t(-9)?
3
Let c(u) = -2*u**3 + 2*u - 1. Let s be c(1). Let v = s - -4. Suppose -i + 2*j = 6*j + 11, -v*i = -j - 19. What is the units digit of i?
5
Suppose 0 = -3*m + 2*m + u - 2, m - 4 = -2*u. Suppose -4*x - p + 7 + 1 = 0, 5*x + 4*p - 21 = m. What is the units digit of x?
1
Let d(z) be the second derivative of z**4/4 - z. Suppose 0 = 5*b - b + 4. What is the units digit of d(b)?
3
Suppose 94 = 5*y - 51. Suppose q = y + 10. What is the tens digit of q?
3
Let i(w) = 15*w - 35. What is the hundreds digit of i(10)?
1
Let s(y) = -y**3 - 11*y**2 - 9*y + 14. Let a be s(-10). Suppose -a*c = c - 160. What is the units digit of c?
2
Let h = -154 - -272. What is the hundreds digit of h?
1
Let s = -1 - -3. Let y be s - (1 - 7)/(-3). Suppose -4 + y = -4*q. What is the units digit of q?
1
Let j(y) = 2*y + y**2 + y + 4*y - 5*y. What is the units digit of j(-4)?
8
Suppose 95 = 5*f + 5*g, -1 + 2 = -f + 3*g. Suppose 31 = -d + 2*a, -f - 32 = d - 5*a. Let o = -10 - d. What is the tens digit of o?
1
Let m = 1 + 15. What is the units digit of m?
6
Let b(k) = 2*k**3 - 3*k**2 - 2*k - 4. Let s be (5/15)/(1/9). What is the tens digit of b(s)?
1
Let y be ((-4)/(-3))/((-2)/(-3)). Suppose x - 20 = 3*p, -3*x = y + 10. Let d = p + 14. What is the units digit of d?
6
Let q = 29 + -12. Suppose -3*u + 58 = -y, 49 = 3*u - 3*y - q. What is the units digit of u?
8
Let p = 9 + -6. Suppose p = t - 3. What is the units digit of t?
6
Let q = 14 + -9. Suppose u - 2*y = 11, q*u + y - 2*y = 37. What is the units digit of u?
7
Suppose -3*o + 2*o = a - 9, -o - 3*a = -17. Suppose -f + 2*f + 1 = 0. Let i = f + o. What is the units digit of i?
4
What is the hundreds digit of ((-16)/12)/(14/(-1197))?
1
Suppose 1 = 5*q - 4. Suppose 0 = 4*s - 2*a - 2, -s + 2*a - 3*a - q = 0. Suppose o - 8 = -s. What is the units digit of o?
8
Let m be (-1 - (-29)/2)*10. What is the units digit of (6/9)/(2/m)?
5
Suppose 45 - 117 = -2*m. Suppose -4*c = -c - m. What is the units digit of c?
2
Let n(b) = -11*b**3 - 2*b**2 + 6. What is the tens digit of n(-2)?
8
Let i(q) = q**3 + 8*q**2 - 5*q - 12. Let x be i(-8). Suppose -l + x = 3*l. Let t = l + -2. What is the units digit of t?
5
Let s(i) be the first derivative of i**2/2 - 5. Let v = 21 + -15. What is the units digit of s(v)?
6
Let t(x) = -x**2 - 3*x - 2. Let k be t(-2). Suppose 0 = 2*o - 6 - 4. Suppose o*u - 7 - 13 = k. What is the units digit of u?
4
Let v be (-6 + 7)*9*-1. Let j = 11 + v. What is the units digit of j?
2
Suppose -4*l + 9 = -7. Suppose 3*f = 3*a, 2*f - 6 + 2 = l*a. Let y = 7 - f. What is the units digit of y?
9
Let x(f) = -f**2 - 4*f + 5. Let v be x(-5). Let g(m) = -m**3 - m**2 + 3. Let l be g(v). Suppose l*o = 2*o + 9. What is the units digit of o?
9
Let k(x) = -x**2 + 11*x - 7. Let n be k(10). Suppose -2*b - 86 = -n*d, -3*d + 7*b - 2*b = -80. Suppose -3*u + u + d = 0. What is the tens digit of u?
1
Suppose 0 = -3*g + 12. Suppose 7*n = -g*x + 3*n, -5*x + 12 = n. Suppose c - 5*h = -x*c - 17, 4*c + 5*h = 33. What is the units digit of c?
2
Suppose -s - 3*k = -5, 0*k + 20 = 4*k. Suppose 3 + 5 = -5*i - 2*w, 2*i + w = -4. Let x = i - s. What is the units digit of x?
0
Suppose -4*c - 4*x - 39 + 15 = 0, 9 = c - 2*x. Let p = c + 11. What is the units digit of p?
0
Let a(w) = -276*w + 1. What is the hundreds digit of a(-1)?
2
Suppose 2*t = -2*t + 200. Suppose -t - 15 = -5*o. What is the tens digit of o?
1
Let s = 42 - 22. Suppose -2*k - 2*k + s = 0. What is the units digit of k?
5
Suppose 4*b = 45 - 5. What is the tens digit of b?
1
Let m(k) = -3*k - 6. Let j be m(14). Let o = j - -94. What is the tens digit of o?
4
Suppose -3*r = r - 12, 0 = l - 4*r + 7. Suppose 0 = t - 2*t - 3*p + 19, l = 2*t - 5*p. What is the units digit of t?
0
Let z(l) = -5*l**2 - 3*l - 2. Let a(y) = -y**2 + 1. Let x(g) = -6*a(g) + z(g). Let b be x(-6). Suppose -3*v + b = -v. What is the units digit of v?
3
Suppose 11*d - 7*d = 472. What is the tens digit of d?
1
Suppose -5*s + 12 = n, -4*s - 5*n = s. Suppose 2*w + 1 = -s*j - 8, 30 = -5*w - 5*j. Let h = 4 - w. What is the tens digit of h?
1
Let m = -35 + 48. What is the tens digit of m?
1
Suppose 13 = 5*r + 3. Let l(a) = 2*a**3 - 9*a**2 - 3*a + 5. Let f be l(5). Suppose 21 = r*t - f. What is the units digit of t?
8
Suppose -3*z + 8*z - 340 = -2*a, -a = -5*z - 155. What is the tens digit of a?
6
Let k = 129 - -77. What is the tens digit of k?
0
Suppose -4*r = -4*x + 267 + 33, 2*r = 5*x - 366. What is the units digit of x?
2
Let u(g) = 6*g**2 - 2*g + 1. Let y be u(1). Suppose 2*a + 10 = k, k - 3*a - 16 = -2. Let v = k + y. What is the units digit of v?
7
Let a(u) = 7*u**2 - 9*u - 6. Let m(d) = d**3 + d**2. Let c(i) = -a(i) - m(i). What is the units digit of c(-9)?
6
Let s be 2/((12/(-14))/(-3)). Suppose -w - 4*a - 23 = 0, s - 4 = -a. Let v(x) = x**3 + 12*x**2 + 11*x + 4. What is the units digit of v(w)?
4
Let g(q) = -q**3 - 3*q**2 - 3*q + 2. Let z be g(-3). Let t be 93/33 + 2/z. Suppose l - 2 = t. What is the units digit of l?
5
Let r(m) = m**3 - 9*m**2 - 10*m + 2. Let l be r(10). Suppose -2*b = l*b - 5*d - 14, b = 4*d + 9. What is the units digit of b?
1
What is the units digit of (-12)/(-2) - 1 - -14?
9
Let k(i) = i - 1. Let u be k(6). Suppose 34 = u*o + 4. What is the units digit of o?
6
Let h be (8/10)/(2/5). Suppose 3*c + z = c - h, -5*c - z = 2. Let g = c - -4. What is the units digit of g?
4
Let k = -2 - -2. Let z = -2 + k. Let i = 2 - z. What is the units digit of i?
4
Let c be 4 - (2/1 + 1). What is the tens digit of 8 + 9/3*c?
1
Suppose 2*d - d - 152 = 0. What is the tens digit of d?
5
Suppose 3*i - 31 - 2 = 0. Let c(b) = -b**3 + 5*b**2 - 3*b + 7. Let f be c(5). Let t = f + i. What is the units digit of t?
3
Suppose 568 + 1475 = 9*y. What is the hundreds digit of y?
2
Suppose 72 = -r + 297. What is the tens digit of r?
2
Let m(h) = -h**2 - 8*h + 6. Let x = -4 + 7. Suppose 0 = -x*a - 2*a - 40. What is the units digit of m(a)?
6
Let d be 0 - 0 - (0 - 6). Suppose -d = -3*k - 0. Suppose 16 = 2*x + k*x. What